ghest common divisor of 302602 and 142?
142
Calculate the greatest common factor of 185 and 963665.
185
Calculate the highest common factor of 665202 and 348.
174
What is the greatest common factor of 24367 and 39648?
413
Calculate the greatest common factor of 14000 and 88.
8
Calculate the greatest common factor of 893 and 7708.
47
Calculate the greatest common divisor of 20709 and 273.
39
What is the highest common divisor of 14168 and 72688?
616
Calculate the greatest common divisor of 2066 and 5124713.
1033
What is the greatest common divisor of 3132 and 810?
54
Calculate the highest common factor of 9544 and 1420.
4
What is the highest common divisor of 1604 and 32?
4
What is the highest common factor of 495748 and 11?
11
What is the greatest common factor of 310 and 139190?
310
Calculate the greatest common divisor of 196 and 52038.
98
Calculate the greatest common factor of 1376 and 6106.
86
Calculate the highest common factor of 1030302 and 14.
14
Calculate the highest common factor of 2432 and 1064.
152
Calculate the greatest common divisor of 22329 and 18.
9
Calculate the highest common factor of 43680 and 40.
40
What is the highest common divisor of 604 and 52699?
151
What is the greatest common factor of 271001 and 4744?
593
Calculate the greatest common factor of 80693 and 380.
19
Calculate the greatest common divisor of 2214047 and 55.
11
Calculate the greatest common factor of 679 and 542521.
679
What is the greatest common divisor of 3171 and 168?
21
What is the highest common factor of 1862 and 103740?
266
What is the highest common factor of 198 and 54828?
18
What is the greatest common factor of 35 and 2685?
5
Calculate the greatest common factor of 1 and 21499.
1
Calculate the greatest common factor of 308 and 448.
28
Calculate the greatest common factor of 31 and 12902448.
31
Calculate the greatest common factor of 83371 and 29982.
263
What is the greatest common factor of 241015 and 247?
19
Calculate the highest common divisor of 205 and 873505.
205
What is the highest common factor of 135700 and 3068?
236
Calculate the highest common divisor of 64 and 3488.
32
Calculate the greatest common divisor of 345 and 54395.
115
Calculate the greatest common divisor of 520263 and 729.
243
Calculate the greatest common factor of 166797 and 18189.
387
Calculate the greatest common factor of 70359 and 141.
141
Calculate the greatest common factor of 117739 and 40745.
281
Calculate the greatest common divisor of 18000 and 250.
250
Calculate the greatest common factor of 205776 and 2304.
144
Calculate the highest common divisor of 12127 and 67.
67
Calculate the greatest common divisor of 590 and 165849.
59
What is the greatest common factor of 15436 and 1156?
68
What is the highest common factor of 17746 and 114?
38
Calculate the greatest common factor of 76 and 128022.
38
Calculate the highest common divisor of 13 and 163657.
13
What is the highest common factor of 119536 and 48?
16
Calculate the highest common factor of 275 and 640975.
25
Calculate the greatest common factor of 590 and 74045.
295
What is the highest common factor of 1394472 and 1552?
776
Calculate the highest common factor of 3549 and 28245.
21
What is the highest common divisor of 4301 and 31977?
187
What is the highest common factor of 486 and 89?
1
What is the highest common divisor of 835 and 36350?
5
What is the greatest common divisor of 200652 and 12?
12
What is the greatest common factor of 965 and 2429870?
965
What is the highest common factor of 233250 and 8750?
250
What is the greatest common factor of 158085 and 2025?
135
What is the highest common divisor of 195334 and 73492?
1934
Calculate the highest common factor of 50880 and 14464.
64
Calculate the greatest common factor of 4484923 and 17.
17
What is the greatest common divisor of 108965 and 285?
95
What is the highest common divisor of 453 and 1167?
3
What is the greatest common factor of 72553 and 78?
13
What is the greatest common divisor of 47930 and 330?
10
Calculate the greatest common divisor of 445842 and 744.
186
Calculate the greatest common divisor of 51 and 57.
3
Calculate the greatest common divisor of 330078 and 42.
42
Calculate the greatest common divisor of 280 and 226555.
35
Calculate the highest common factor of 15709 and 7199.
23
Calculate the highest common divisor of 29 and 23896.
29
Calculate the highest common factor of 5612 and 230.
46
What is the greatest common divisor of 1390 and 8413670?
1390
What is the greatest common factor of 32 and 19960?
8
Calculate the greatest common factor of 36 and 918378.
18
Calculate the greatest common factor of 12285 and 52585.
65
Calculate the highest common divisor of 414238 and 176.
22
Calculate the highest common factor of 3996317 and 13.
13
What is the greatest common factor of 52056 and 90?
18
Calculate the greatest common divisor of 47196 and 598.
46
Calculate the greatest common divisor of 1193700 and 1038.
1038
What is the greatest common divisor of 281 and 49?
1
What is the highest common divisor of 25215 and 195?
15
Calculate the highest common divisor of 229918 and 37.
37
Calculate the highest common factor of 594 and 260766.
594
Calculate the highest common divisor of 9488 and 6976.
16
What is the greatest common factor of 331810 and 30?
10
Calculate the highest common divisor of 141 and 33.
3
Calculate the greatest common factor of 9 and 61443.
9
Calculate the highest common divisor of 2781 and 687.
3
Calculate the highest common divisor of 89272 and 8.
8
Calculate the highest common factor of 18 and 676638.
18
Calculate the highest common divisor of 3906 and 124341.
651
Calculate the greatest common divisor of 46620 and 3955.
35
What is the highest common factor of 160975 and 150?
25
What is the greatest common factor of 558 and 6939846?
558
Calculate the greatest common divisor of 648172 and 7.
7
What is the highest common factor of 49145 and 10?
5
What is the greatest common factor of 35 and 4520?
5
Calculate the greatest common divisor of 46197 and 295.
59
Calculate the highest common divisor of 3910 and 7990.
170
Calculate the greatest common divisor of 12933 and 675.
27
Calculate the highest common factor of 119663 and 306.
17
Calculate the highest common divisor of 100 and 1933360.
20
What is the greatest common divisor of 1304 and 10632?
8
Calculate the greatest common divisor of 185 and 1590815.
185
What is the highest common divisor of 1226 and 10?
2
What is the highest common divisor of 4 and 32044?
4
Calculate the highest common factor of 77 and 688303.
77
What is the greatest common factor of 29412 and 43776?
684
What is the highest common factor of 21 and 25367601?
21
What is the greatest common divisor of 14760 and 40?
40
What is the greatest common factor of 1712604 and 129?
129
Calculate the highest common factor of 164738 and 1148.
574
What is the highest common divisor of 106 and 12501322?
106
Calculate the highest common divisor of 75302 and 138.
46
Calculate the highest common factor of 139707 and 516.
129
What is the greatest common factor of 145 and 95360?
5
Calculate the highest common divisor of 69 and 10342479.
69
What is the greatest common factor of 359 and 523781?
359
What is the greatest common divisor of 13699 and 19?
19
What is the highest common divisor of 78 and 24375?
39
Calculate the highest common divisor of 127 and 1941703.
127
What is the greatest common divisor of 2116184 and 299?
23
What is the highest common factor of 100618 and 14?
14
What is the highest common divisor of 451 and 4675?
11
Calculate the highest common divisor of 37386 and 144.
18
What is the highest common factor of 36 and 221184?
36
What is the highest common factor of 1628 and 44858?
22
What is the greatest common divisor of 2320 and 310?
10
What is the highest common factor of 224 and 5614?
14
What is the highest common divisor of 24 and 20430?
6
What is the highest common factor of 12093 and 2502?
417
What is the greatest common factor of 64 and 509792?
32
What is the highest common factor of 4369 and 51?
17
What is the greatest common factor of 1215 and 30861?
243
What is the greatest common divisor of 4 and 26692?
4
Calculate the greatest common divisor of 657 and 114537.
219
What is the highest common divisor